{"id":7240,"date":"2015-08-27T19:09:25","date_gmt":"2015-08-27T19:09:25","guid":{"rendered":"http:\/\/amerikaantje.be\/alle-producten\/geen-categorie\/black-western-bandana\/"},"modified":"2026-06-25T11:39:36","modified_gmt":"2026-06-25T09:39:36","slug":"black-western-bandana","status":"publish","type":"product","link":"https:\/\/amerikaantje.be\/fr\/produit\/black-western-bandana\/","title":{"rendered":"Bandana occidental noir"},"content":{"rendered":"<p>Bandana western noir en coton 100%.<\/p>\n<p>Ce bandana carr\u00e9 s'attache autour de votre cou ou sur votre t\u00eate. Ce classique parmi les couvre-chefs vous prot\u00e8ge des \u00e9l\u00e9ments, \u00e9vacue l'exc\u00e8s de transpiration et renforce votre cr\u00e9dibilit\u00e9 dans la rue.<br \/>\nAutrefois populaire aupr\u00e8s des cyclistes, les motards et autres appr\u00e9cient toujours cet article de mode, tandis que dans le mouvement des jeunes, il est indispensable lors de la distribution des camps rouges et bleus.<\/p>\n<p>Disponible en rouge, bleu ou noir.<\/p>\n<p><strong>FEATURES<\/strong><\/p>\n<ul>\n<li>Mat\u00e9riau : coton 100%<\/li>\n<li>Dimensions : 54,5 x 54,5 cm<\/li>\n<li>Couleurs : rouge, bleu ou noir<\/li>\n<\/ul>","protected":false},"excerpt":{"rendered":"<p>Zwarte western bandana in 100% katoen. Deze vierkante bandana bind je om de nek of op het hoofd. De klassieker onder de hoofddeksels beschermt je tegen de elementen, voert overmatig zweet af en verhoogt je street credibility. Destijds populair bij wielrenners weten onder meer motorrijders dit fashion item nog altijd naar waarde te schatten, terwijl [&#8230;]\n","protected":false},"featured_media":7241,"template":"","meta":{"_acf_changed":false},"product_brand":[],"product_cat":[13666],"product_tag":[961,1820],"class_list":["post-7240","product","type-product","status-publish","has-post-thumbnail","product_cat-bandanas-nekdoeken","product_tag-jeugdbeweging","product_tag-oldtimers","first","instock","taxable","shipping-taxable","purchasable","product-type-simple"],"acf":[],"yoast_head":"<!-- This site is optimized with the Yoast SEO Premium plugin v28.2 (Yoast SEO v28.2) - https:\/\/yoast.com\/product\/yoast-seo-premium-wordpress\/ -->\n<title>Zwarte Western Bandana - &#039;t Amerikaantje<\/title>\n<meta name=\"robots\" content=\"index, follow, max-snippet:-1, max-image-preview:large, max-video-preview:-1\" \/>\n<link rel=\"canonical\" href=\"https:\/\/amerikaantje.be\/fr\/produit\/black-western-bandana\/\" \/>\n<meta property=\"og:locale\" content=\"fr_FR\" \/>\n<meta property=\"og:type\" content=\"article\" \/>\n<meta property=\"og:title\" content=\"Zwarte Western Bandana\" \/>\n<meta property=\"og:description\" content=\"Zwarte western bandana in 100% katoen. Deze vierkante bandana bind je om de nek of op het hoofd. De klassieker onder de hoofddeksels beschermt je tegen de elementen, voert overmatig zweet af en verhoogt je street credibility. Destijds populair bij wielrenners weten onder meer motorrijders dit fashion item nog altijd naar waarde te schatten, terwijl [...]\" \/>\n<meta property=\"og:url\" content=\"https:\/\/amerikaantje.be\/fr\/produit\/black-western-bandana\/\" \/>\n<meta property=\"og:site_name\" content=\"&#039;t Amerikaantje\" \/>\n<meta property=\"article:publisher\" content=\"https:\/\/www.facebook.com\/t-Amerikaantje-151636621529042\/\" \/>\n<meta property=\"article:modified_time\" content=\"2026-06-25T09:39:36+00:00\" \/>\n<meta property=\"og:image\" content=\"https:\/\/amerikaantje.be\/wp-content\/uploads\/2015\/08\/12620002.jpg?v=1698370838\" \/>\n\t<meta property=\"og:image:width\" content=\"799\" \/>\n\t<meta property=\"og:image:height\" content=\"999\" \/>\n\t<meta property=\"og:image:type\" content=\"image\/jpeg\" \/>\n<meta name=\"twitter:card\" content=\"summary_large_image\" \/>\n<meta name=\"twitter:label1\" content=\"Price\" \/>\n\t<meta name=\"twitter:data1\" content=\"&euro;&nbsp;3,00\" \/>\n\t<meta name=\"twitter:label2\" content=\"Availability\" \/>\n\t<meta name=\"twitter:data2\" content=\"In stock\" \/>\n<script type=\"application\/ld+json\" class=\"yoast-schema-graph\">{\"@context\":\"https:\\\/\\\/schema.org\",\"@graph\":[{\"@type\":\"WebPage\",\"@id\":\"https:\\\/\\\/amerikaantje.be\\\/product\\\/black-western-bandana\\\/\",\"url\":\"https:\\\/\\\/amerikaantje.be\\\/product\\\/black-western-bandana\\\/\",\"name\":\"Zwarte Western Bandana - &#039;t Amerikaantje\",\"isPartOf\":{\"@id\":\"https:\\\/\\\/amerikaantje.be\\\/#website\"},\"primaryImageOfPage\":{\"@id\":\"https:\\\/\\\/amerikaantje.be\\\/product\\\/black-western-bandana\\\/#primaryimage\"},\"image\":{\"@id\":\"https:\\\/\\\/amerikaantje.be\\\/product\\\/black-western-bandana\\\/#primaryimage\"},\"thumbnailUrl\":\"https:\\\/\\\/amerikaantje.be\\\/wp-content\\\/uploads\\\/2015\\\/08\\\/12620002.jpg?v=1782433729\",\"datePublished\":\"2015-08-27T19:09:25+00:00\",\"dateModified\":\"2026-06-25T09:39:36+00:00\",\"breadcrumb\":{\"@id\":\"https:\\\/\\\/amerikaantje.be\\\/product\\\/black-western-bandana\\\/#breadcrumb\"},\"inLanguage\":\"fr-BE\",\"potentialAction\":[{\"@type\":\"ReadAction\",\"target\":[\"https:\\\/\\\/amerikaantje.be\\\/product\\\/black-western-bandana\\\/\"]}]},{\"@type\":\"ImageObject\",\"inLanguage\":\"fr-BE\",\"@id\":\"https:\\\/\\\/amerikaantje.be\\\/product\\\/black-western-bandana\\\/#primaryimage\",\"url\":\"https:\\\/\\\/amerikaantje.be\\\/wp-content\\\/uploads\\\/2015\\\/08\\\/12620002.jpg?v=1782433729\",\"contentUrl\":\"https:\\\/\\\/amerikaantje.be\\\/wp-content\\\/uploads\\\/2015\\\/08\\\/12620002.jpg?v=1782433729\",\"width\":799,\"height\":999},{\"@type\":\"BreadcrumbList\",\"@id\":\"https:\\\/\\\/amerikaantje.be\\\/product\\\/black-western-bandana\\\/#breadcrumb\",\"itemListElement\":[{\"@type\":\"ListItem\",\"position\":1,\"name\":\"Accueil\",\"item\":\"https:\\\/\\\/amerikaantje.be\\\/\"},{\"@type\":\"ListItem\",\"position\":2,\"name\":\"Webshop\",\"item\":\"https:\\\/\\\/amerikaantje.be\\\/alle-producten\\\/\"},{\"@type\":\"ListItem\",\"position\":3,\"name\":\"Zwarte Western Bandana\"}]},{\"@type\":\"WebSite\",\"@id\":\"https:\\\/\\\/amerikaantje.be\\\/#website\",\"url\":\"https:\\\/\\\/amerikaantje.be\\\/\",\"name\":\"&#039;t Amerikaantje\",\"description\":\"&#039;s zondags open, supergoe en supergoeiekoop!\",\"publisher\":{\"@id\":\"https:\\\/\\\/amerikaantje.be\\\/#organization\"},\"potentialAction\":[{\"@type\":\"SearchAction\",\"target\":{\"@type\":\"EntryPoint\",\"urlTemplate\":\"https:\\\/\\\/amerikaantje.be\\\/?s={search_term_string}\"},\"query-input\":{\"@type\":\"PropertyValueSpecification\",\"valueRequired\":true,\"valueName\":\"search_term_string\"}}],\"inLanguage\":\"fr-BE\"},{\"@type\":\"Organization\",\"@id\":\"https:\\\/\\\/amerikaantje.be\\\/#organization\",\"name\":\"&#039;t Amerikaantje\",\"url\":\"https:\\\/\\\/amerikaantje.be\\\/\",\"logo\":{\"@type\":\"ImageObject\",\"inLanguage\":\"fr-BE\",\"@id\":\"https:\\\/\\\/amerikaantje.be\\\/#\\\/schema\\\/logo\\\/image\\\/\",\"url\":\"https:\\\/\\\/amerikaantje.be\\\/wp-content\\\/uploads\\\/2023\\\/02\\\/amerikaantje-balk-logo-sterren-transparant.png?v=1703255686\",\"contentUrl\":\"https:\\\/\\\/amerikaantje.be\\\/wp-content\\\/uploads\\\/2023\\\/02\\\/amerikaantje-balk-logo-sterren-transparant.png?v=1703255686\",\"width\":648,\"height\":343,\"caption\":\"&#039;t Amerikaantje\"},\"image\":{\"@id\":\"https:\\\/\\\/amerikaantje.be\\\/#\\\/schema\\\/logo\\\/image\\\/\"},\"sameAs\":[\"https:\\\/\\\/www.facebook.com\\\/t-Amerikaantje-151636621529042\\\/\"]}]}<\/script>\n<meta property=\"product:price:amount\" content=\"3.00\" \/>\n<meta property=\"product:price:currency\" content=\"EUR\" \/>\n<meta property=\"og:availability\" content=\"instock\" \/>\n<meta property=\"product:availability\" content=\"instock\" \/>\n<meta property=\"product:retailer_item_id\" content=\"12620002\" \/>\n<meta property=\"product:condition\" content=\"new\" \/>\n<!-- \/ Yoast SEO Premium plugin. -->","yoast_head_json":{"title":"Bandana western noir - &#039;t Amerikaantje","robots":{"index":"index","follow":"follow","max-snippet":"max-snippet:-1","max-image-preview":"max-image-preview:large","max-video-preview":"max-video-preview:-1"},"canonical":"https:\/\/amerikaantje.be\/fr\/produit\/black-western-bandana\/","og_locale":"fr_FR","og_type":"article","og_title":"Zwarte Western Bandana","og_description":"Zwarte western bandana in 100% katoen. Deze vierkante bandana bind je om de nek of op het hoofd. De klassieker onder de hoofddeksels beschermt je tegen de elementen, voert overmatig zweet af en verhoogt je street credibility. Destijds populair bij wielrenners weten onder meer motorrijders dit fashion item nog altijd naar waarde te schatten, terwijl [...]","og_url":"https:\/\/amerikaantje.be\/fr\/produit\/black-western-bandana\/","og_site_name":"&#039;t Amerikaantje","article_publisher":"https:\/\/www.facebook.com\/t-Amerikaantje-151636621529042\/","article_modified_time":"2026-06-25T09:39:36+00:00","og_image":[{"width":799,"height":999,"url":"https:\/\/amerikaantje.be\/wp-content\/uploads\/2015\/08\/12620002.jpg?v=1698370838","type":"image\/jpeg"}],"twitter_card":"summary_large_image","twitter_misc":{"Price":"&euro;&nbsp;3,00","Availability":"In stock"},"schema":{"@context":"https:\/\/schema.org","@graph":[{"@type":"WebPage","@id":"https:\/\/amerikaantje.be\/product\/black-western-bandana\/","url":"https:\/\/amerikaantje.be\/product\/black-western-bandana\/","name":"Bandana western noir - &#039;t Amerikaantje","isPartOf":{"@id":"https:\/\/amerikaantje.be\/#website"},"primaryImageOfPage":{"@id":"https:\/\/amerikaantje.be\/product\/black-western-bandana\/#primaryimage"},"image":{"@id":"https:\/\/amerikaantje.be\/product\/black-western-bandana\/#primaryimage"},"thumbnailUrl":"https:\/\/amerikaantje.be\/wp-content\/uploads\/2015\/08\/12620002.jpg?v=1782433729","datePublished":"2015-08-27T19:09:25+00:00","dateModified":"2026-06-25T09:39:36+00:00","breadcrumb":{"@id":"https:\/\/amerikaantje.be\/product\/black-western-bandana\/#breadcrumb"},"inLanguage":"fr-BE","potentialAction":[{"@type":"ReadAction","target":["https:\/\/amerikaantje.be\/product\/black-western-bandana\/"]}]},{"@type":"ImageObject","inLanguage":"fr-BE","@id":"https:\/\/amerikaantje.be\/product\/black-western-bandana\/#primaryimage","url":"https:\/\/amerikaantje.be\/wp-content\/uploads\/2015\/08\/12620002.jpg?v=1782433729","contentUrl":"https:\/\/amerikaantje.be\/wp-content\/uploads\/2015\/08\/12620002.jpg?v=1782433729","width":799,"height":999},{"@type":"BreadcrumbList","@id":"https:\/\/amerikaantje.be\/product\/black-western-bandana\/#breadcrumb","itemListElement":[{"@type":"ListItem","position":1,"name":"Accueil","item":"https:\/\/amerikaantje.be\/"},{"@type":"ListItem","position":2,"name":"Webshop","item":"https:\/\/amerikaantje.be\/alle-producten\/"},{"@type":"ListItem","position":3,"name":"Zwarte Western Bandana"}]},{"@type":"WebSite","@id":"https:\/\/amerikaantje.be\/#website","url":"https:\/\/amerikaantje.be\/","name":"&#039;t Amerikaantje","description":"&#039;ouvert le dimanche, supergoe et super bon march\u00e9 !","publisher":{"@id":"https:\/\/amerikaantje.be\/#organization"},"potentialAction":[{"@type":"SearchAction","target":{"@type":"EntryPoint","urlTemplate":"https:\/\/amerikaantje.be\/?s={search_term_string}"},"query-input":{"@type":"PropertyValueSpecification","valueRequired":true,"valueName":"search_term_string"}}],"inLanguage":"fr-BE"},{"@type":"Organization","@id":"https:\/\/amerikaantje.be\/#organization","name":"&#039;t Amerikaantje","url":"https:\/\/amerikaantje.be\/","logo":{"@type":"ImageObject","inLanguage":"fr-BE","@id":"https:\/\/amerikaantje.be\/#\/schema\/logo\/image\/","url":"https:\/\/amerikaantje.be\/wp-content\/uploads\/2023\/02\/amerikaantje-balk-logo-sterren-transparant.png?v=1703255686","contentUrl":"https:\/\/amerikaantje.be\/wp-content\/uploads\/2023\/02\/amerikaantje-balk-logo-sterren-transparant.png?v=1703255686","width":648,"height":343,"caption":"&#039;t Amerikaantje"},"image":{"@id":"https:\/\/amerikaantje.be\/#\/schema\/logo\/image\/"},"sameAs":["https:\/\/www.facebook.com\/t-Amerikaantje-151636621529042\/"]}]},"product_price_amount":"3.00","product_price_currency":"EUR","og_availability":"instock","product_availability":"instock","product_retailer_item_id":"12620002","product_condition":"new"},"df_price":3,"df_sale_price":"","df_regular_price":3,"df_image_link":"https:\/\/amerikaantje.be\/wp-content\/uploads\/2015\/08\/12620002-240x300.jpg?v=1782433729","_links":{"self":[{"href":"https:\/\/amerikaantje.be\/fr\/wp-json\/wp\/v2\/product\/7240","targetHints":{"allow":["GET"]}}],"collection":[{"href":"https:\/\/amerikaantje.be\/fr\/wp-json\/wp\/v2\/product"}],"about":[{"href":"https:\/\/amerikaantje.be\/fr\/wp-json\/wp\/v2\/types\/product"}],"wp:featuredmedia":[{"embeddable":true,"href":"https:\/\/amerikaantje.be\/fr\/wp-json\/wp\/v2\/media\/7241"}],"wp:attachment":[{"href":"https:\/\/amerikaantje.be\/fr\/wp-json\/wp\/v2\/media?parent=7240"}],"wp:term":[{"taxonomy":"product_brand","embeddable":true,"href":"https:\/\/amerikaantje.be\/fr\/wp-json\/wp\/v2\/product_brand?post=7240"},{"taxonomy":"product_cat","embeddable":true,"href":"https:\/\/amerikaantje.be\/fr\/wp-json\/wp\/v2\/product_cat?post=7240"},{"taxonomy":"product_tag","embeddable":true,"href":"https:\/\/amerikaantje.be\/fr\/wp-json\/wp\/v2\/product_tag?post=7240"}],"curies":[{"name":"wp","href":"https:\/\/api.w.org\/{rel}","templated":true}]}}

<p>Bandana western noir en coton 100%.</p>
<p>Ce bandana carré s'attache autour de votre cou ou sur votre tête. Ce classique parmi les couvre-chefs vous protège des éléments, évacue l'excès de transpiration et renforce votre crédibilité dans la rue.<br />
Autrefois populaire auprès des cyclistes, les motards et autres apprécient toujours cet article de mode, tandis que dans le mouvement des jeunes, il est indispensable lors de la distribution des camps rouges et bleus.</p>
<p>Disponible en rouge, bleu ou noir.</p>
<p><strong>FEATURES</strong></p>
<ul>
<li>Matériau : coton 100%</li>
<li>Dimensions : 54,5 x 54,5 cm</li>
<li>Couleurs : rouge, bleu ou noir</li>
</ul>

&#039;ouvert le dimanche, supergoe et super bon marché !
